{"id":2751,"date":"2016-09-29T10:33:45","date_gmt":"2016-09-29T10:33:45","guid":{"rendered":"http:\/\/localhost\/wordpress\/medicenter-new\/?page_id=2751"},"modified":"2024-10-25T14:51:44","modified_gmt":"2024-10-25T14:51:44","slug":"single-doctor-template-2","status":"publish","type":"page","link":"https:\/\/plus.com.uy\/?page_id=2751","title":{"rendered":"Servicios"},"content":{"rendered":"<p>[vc_row][vc_column][rev_slider_vc alias=\u00bbplanes1&#8243;][\/vc_column][\/vc_row][vc_row][vc_column top_margin=\u00bbpage-margin-top\u00bb][vc_message message_box_style=\u00bb3d\u00bb message_box_color=\u00bbgreen\u00bb css_animation=\u00bbbounceIn\u00bb el_id=\u00bbproductos\u00bb]<\/p>\n<h2 style=\"text-align: center;\">PRECIOS Y PRODUCTOS<\/h2>\n<p>[\/vc_message][\/vc_column][\/vc_row][vc_row css=\u00bb.vc_custom_1567186105636{margin-top: 20px !important;}\u00bb][vc_column width=\u00bb1\/4&#8243;]<div class=\"notification-box nb-success features-tick\"><h2>PLUS FAMILIA<\/h2><h5>Mediante el plan Plus Familia usted paga una sola cuota mensual por el total de los integrantes, con importantes descuentos.  \u00a1No dudes en consultarnos! Estamos esperando tu llamado<\/h5><\/div>[\/vc_column][vc_column width=\u00bb1\/4&#8243;]<div class=\"notification-box nb-success features-tick\"><h2>PLAN C\u00cdRCULO (Desde $299)<\/h2><h5>A trav\u00e9s del Plan C\u00edrculo accede a 5 d\u00edas por internaci\u00f3n de 8 horas diarias, pasando un m\u00ednimo de 60 d\u00edas para acceder una nueva internaci\u00f3n.<\/h5><\/div>[\/vc_column][vc_column width=\u00bb1\/4&#8243;]<div class=\"notification-box nb-success features-tick\"><h2>PLUS B\u00c1SICO (Desde $664)<\/h2><h5>Con el plan Plus B\u00e1sico usted puede acceder a 8 horas diarias de atenci\u00f3n, 40 d\u00edas anuales, hasta 15 d\u00edas por internaci\u00f3n.<\/h5><\/div>[\/vc_column][vc_column width=\u00bb1\/4&#8243;]<div class=\"notification-box nb-success features-tick\"><h2>PLAN PLUS + (Desde $1366)<\/h2><h5>Para grupos familiares de hasta 5 integrantes. 40 d\u00edas anuales de servicio para toda la familia, cobertura de 8 horas diarias.<\/h5><\/div>[\/vc_column][\/vc_row][vc_row][vc_column width=\u00bb1\/2&#8243; css=\u00bb.vc_custom_1567188521596{margin-top: 30px !important;}\u00bb]<h3 class=\"box-header animation-slide\">\u00bfPor qu\u00e9 Plus?<\/h3>[vc_column_text]<span style=\"color: #808080;\">El d\u00eda que descubrimos que necesitamos hacer uso de un servicio de acompa\u00f1antes no es una jornada sencilla. Evitamos pensar en eso, pero esos d\u00edas llegan. Y cuando llegan nos encontramos especialmente vulnerables.<\/span><\/p>\n<p><span style=\"color: #808080;\">Esa es la raz\u00f3n por la cual nuestras decisiones casi siempre resultan apresuradas. Por eso es clave aprovechar los d\u00edas sin urgencias para resolver los temas que despu\u00e9s ser\u00e1n urgentes.<\/span><\/p>\n<p><span style=\"color: #808080;\">Ahora que usted est\u00e1 leyendo esto tranquilamente, es el mejor momento para tomar esas decisiones.\u00a0<\/span><span style=\"color: #808080;\">Le pedimos que contin\u00fae leyendo, es importante que sepa por qu\u00e9 cuando llegue ese d\u00eda lo mejor que le puede pasar es que se encuentre afiliado a Plus.<\/span>[\/vc_column_text][\/vc_column][vc_column top_margin=\u00bbpage-margin-top\u00bb width=\u00bb1\/2&#8243; css=\u00bb.vc_custom_1612446119587{margin-top: 20px !important;}\u00bb][vc_single_image image=\u00bb4739&#8243; img_size=\u00bblarge\u00bb style=\u00bbvc_box_rounded\u00bb][\/vc_column][\/vc_row][vc_row][vc_column width=\u00bb1\/2&#8243; css=\u00bb.vc_custom_1567187139812{margin-top: 30px !important;}\u00bb]<h3 class=\"box-header animation-slide\">Servicio de Compa\u00f1\u00eda en Internaci\u00f3n (Sanatorio y Hospital)<\/h3>[\/vc_column][vc_column top_margin=\u00bbpage-margin-top\u00bb width=\u00bb1\/2&#8243;][\/vc_column][\/vc_row][vc_row][vc_column width=\u00bb1\/2&#8243;][vc_column_text]Usted lo sabe, las urgencias no tienen horarios; por esa raz\u00f3n Plus pone a su disposici\u00f3n un n\u00famero telef\u00f3nico que se encuentra disponible las 24 horas los 365 d\u00edas del a\u00f1o.<br \/>\nUna vez que recibimos su llamada -a la hora que sea- le enviamos un acompa\u00f1ante en menos de 4 horas.<br \/>\nLa persona que llegue sabr\u00e1 c\u00f3mo mover, alimentar, contener y atender al convaleciente, porque nuestro personal participa continuamente de cursos de capacitaci\u00f3n sobre acompa\u00f1amiento y cuidado de enfermos. De esta manera Plus complementa de la mejor forma posible el amor de la familia con la idoneidad de sus acompa\u00f1antes.[\/vc_column_text][\/vc_column][vc_column width=\u00bb1\/2&#8243; css=\u00bb.vc_custom_1567174550806{margin-top: -30px !important;}\u00bb]<div class=\"announcement clearfix vertical-align-table\">\n\t\t\t\t\t<ul class=\"vertical-align\">\n\t\t\t\t\t\t<li class=\"vertical-align-cell\"><\/p>\n<h1 style=\"text-align: center;\"><span style=\"color: #808080;\"><strong>Planes individuales desde $299 <\/strong><\/span><span style=\"color: #808080;\"><strong>y familiares desde $1366<\/strong><\/span><\/h1>\n<p>\n<\/li><li class=\"vertical-align-cell\">\n\t\t\t\t\t\t<a title=\"VER PLANES\" href=\"#productos\" class=\"more mc-button dark-color medium animated-element animation-slideRight\">VER PLANES<\/a>\n\t\t\t\t\t<\/li><\/ul>\n\t\t\t<\/div>[\/vc_column][\/vc_row][vc_row][vc_column css=\u00bb.vc_custom_1567187074908{margin-top: 30px !important;}\u00bb]<h3 class=\"box-header animation-slide\">Convalecencia<\/h3>[\/vc_column][\/vc_row][vc_row][vc_column][vc_column_text]La esperada Alta M\u00e9dica puede llegar en cualquier momento, en este caso tambi\u00e9n es importante la velocidad de respuesta. Cuando usted nos llame, a la hora que sea, estar\u00e1 a disposici\u00f3n nuestro servicio de traslado.<br \/>\nNuestro personal \u2013capacitado especialmente para esto- acompa\u00f1ar\u00e1 el proceso de recuperaci\u00f3n en vuestra propia casa SIN COSTO por la misma cantidad de d\u00edas que estuvo en el sanatorio.[\/vc_column_text][\/vc_column][\/vc_row][vc_row][vc_column width=\u00bb1\/4&#8243; css=\u00bb.vc_custom_1567187018405{margin-top: 20px !important;}\u00bb]<h3 class=\"box-header animation-slide\">Compa\u00f1\u00eda en domicilio (Por convalecencia)<\/h3>[vc_column_text]Una vez recibida el alta m\u00e9dica -quienes se afilien a este servicio- dispondr\u00e1n de la posibilidad que el personal capacitado de PLUS, acompa\u00f1e el proceso de recuperaci\u00f3n en el domicilio. (Este servicio ofrece la misma cantidad de d\u00edas que estuvo internado con un m\u00e1ximo de 15 d\u00edas por evento).[\/vc_column_text][\/vc_column][vc_column width=\u00bb1\/4&#8243; css=\u00bb.vc_custom_1567186727348{margin-top: 20px !important;}\u00bb]<h3 class=\"box-header animation-slide\">Compa\u00f1\u00eda en domicilio (Especial)<\/h3>[vc_column_text]Los afiliados a este servicio podr\u00e1n solicitar un acompa\u00f1ante de PLUS, sin haber estado internados y teniendo una patolog\u00eda reciente y\/o transitoria presentando un certificado m\u00e9dico. (Este servicio ofrece 40 d\u00edas al a\u00f1o para su utilizaci\u00f3n).[\/vc_column_text][\/vc_column][vc_column width=\u00bb1\/4&#8243; css=\u00bb.vc_custom_1567186737835{margin-top: 20px !important;}\u00bb]<h3 class=\"box-header animation-slide\">Compa\u00f1\u00eda en Internaci\u00f3n Domiciliaria.<\/h3>[vc_column_text]El prop\u00f3sito de este servicio es brindar compa\u00f1\u00eda \u00a0al paciente, cuando este es enviado a domicilio, con Internaci\u00f3n Domiciliaria. Se podr\u00e1 acceder a este servicio de la siguiente forma: a) 10 d\u00edas por a\u00f1o de 8 horas diarias, pudiendo usar un m\u00e1ximo de 5 d\u00edas por evento. b) 20 d\u00edas por a\u00f1o de 8 horas diarias, pudiendo usar un m\u00e1ximo de 10 d\u00edas por evento[\/vc_column_text][\/vc_column][vc_column width=\u00bb1\/4&#8243; css=\u00bb.vc_custom_1567187030484{margin-top: 20px !important;}\u00bb]<h3 class=\"box-header animation-slide\">Otros incre\u00edbles beneficios<\/h3>[vc_column_text]A la tranquilidad de saber que usted y su familia estar\u00e1n siempre cuidados, en Plus sumamos una cantidad importante de beneficios para que los use todo el a\u00f1o: M\u00e9dico en consultorio y en domicilio. Enfermer\u00eda (gratis). Odontolog\u00eda (gratis). Nutricionista (gratis). Yoga y Tai Chi.<\/p>\n<p>Y el Centro de Calidad de vida VITAL (con importantes descuentos)[\/vc_column_text][\/vc_column][\/vc_row][vc_row][vc_column top_margin=\u00bbpage-margin-top\u00bb][vc_cta h2=\u00bbP\u00f3ngase en contacto con nosotros\u00bb txt_align=\u00bbcenter\u00bb style=\u00bb3d\u00bb el_width=\u00bbmd\u00bb]<\/p>\n<h4 style=\"text-align: center;\">Gracias por entender que afiliarse a Plus hoy mismo es anticiparse a los imprevistos.<\/h4>\n<h4 style=\"text-align: center;\">Nos gustar\u00eda seguir esta comunicaci\u00f3n personalmente.<\/h4>\n<h4 style=\"text-align: center;\">\u00a1Estamos esperando su llamado!<\/h4>\n<p>[\/vc_cta][\/vc_column][\/vc_row]<\/p>\n","protected":false},"excerpt":{"rendered":"<p>[vc_row][vc_column][rev_slider_vc alias=\u00bbplanes1&#8243;][\/vc_column][\/vc_row][vc_row][vc_column top_margin=\u00bbpage-margin-top\u00bb][vc_message message_box_style=\u00bb3d\u00bb message_box_color=\u00bbgreen\u00bb css_animation=\u00bbbounceIn\u00bb el_id=\u00bbproductos\u00bb] PRECIOS Y PRODUCTOS [\/vc_message][\/vc_column][\/vc_row][vc_row css=\u00bb.vc_custom_1567186105636{margin-top: 20px !important;}\u00bb][vc_column width=\u00bb1\/4&#8243;][\/vc_column][vc_column width=\u00bb1\/4&#8243;][\/vc_column][vc_column width=\u00bb1\/4&#8243;][\/vc_column][vc_column width=\u00bb1\/4&#8243;][\/vc_column][\/vc_row][vc_row][vc_column width=\u00bb1\/2&#8243; css=\u00bb.vc_custom_1567188521596{margin-top: 30px !important;}\u00bb][vc_column_text]El d\u00eda que descubrimos que necesitamos hacer uso de un servicio de acompa\u00f1antes no es una jornada sencilla. Evitamos pensar en eso, pero esos d\u00edas llegan. Y cuando llegan nos encontramos especialmente vulnerables. Esa<\/p>\n","protected":false},"author":1,"featured_media":0,"parent":0,"menu_order":0,"comment_status":"closed","ping_status":"closed","template":"template-blog.php","meta":{"footnotes":""},"class_list":["post-2751","page","type-page","status-publish","hentry"],"_links":{"self":[{"href":"https:\/\/plus.com.uy\/index.php?rest_route=\/wp\/v2\/pages\/2751","targetHints":{"allow":["GET"]}}],"collection":[{"href":"https:\/\/plus.com.uy\/index.php?rest_route=\/wp\/v2\/pages"}],"about":[{"href":"https:\/\/plus.com.uy\/index.php?rest_route=\/wp\/v2\/types\/page"}],"author":[{"embeddable":true,"href":"https:\/\/plus.com.uy\/index.php?rest_route=\/wp\/v2\/users\/1"}],"replies":[{"embeddable":true,"href":"https:\/\/plus.com.uy\/index.php?rest_route=%2Fwp%2Fv2%2Fcomments&post=2751"}],"version-history":[{"count":4,"href":"https:\/\/plus.com.uy\/index.php?rest_route=\/wp\/v2\/pages\/2751\/revisions"}],"predecessor-version":[{"id":4938,"href":"https:\/\/plus.com.uy\/index.php?rest_route=\/wp\/v2\/pages\/2751\/revisions\/4938"}],"wp:attachment":[{"href":"https:\/\/plus.com.uy\/index.php?rest_route=%2Fwp%2Fv2%2Fmedia&parent=2751"}],"curies":[{"name":"wp","href":"https:\/\/api.w.org\/{rel}","templated":true}]}}