{"id":4285,"date":"2017-09-10T21:34:16","date_gmt":"2017-09-10T21:34:16","guid":{"rendered":"http:\/\/plus.mjgrafica.com\/?page_id=4285"},"modified":"2017-09-10T21:36:31","modified_gmt":"2017-09-10T21:36:31","slug":"nutricion","status":"publish","type":"page","link":"https:\/\/plus.com.uy\/?page_id=4285","title":{"rendered":"Nutricionistas"},"content":{"rendered":"<p>[vc_row][vc_column width=\u00bb1\/2&#8243;][vc_column_text]La Nutrici\u00f3n junto con los h\u00e1bitos de vida saludables es la calve para gozar de buena salud y bienestar.<\/p>\n<p>La Nutrici\u00f3n es muy importante en el mantenimiento y mejora de la salud y la calidad de vida de las personas. Muchas enfermedades y sus s\u00edntomas pueden ser prevenidos y\/ o aliviados con una nutrici\u00f3n adecuada.<\/p>\n<p>Cuando hablamos de una buena Nutrici\u00f3n, nos referimos a una alimentaci\u00f3n equilibrada que proporcione equilibrio energ\u00e9tico y equilibrio de nutrientes, combinado alimentos de todas las categor\u00edas en su justa medida.<\/p>\n<p>Nunca es tarde para comenzar a comer bien y mejorar el funcionamiento del cuerpo prolongando la salud y previniendo enfermedades.<\/p>\n<p>Por eso Plus cuenta con asesoramiento nutricional personalizado para conocer tu estado nutricional, h\u00e1bitos alimenticios y costumbres en base a lo cual se elabora un plan nutricional acorde a su edad y estado de salud.<\/p>\n<p>[\/vc_column_text][\/vc_column][vc_column width=\u00bb1\/2&#8243;][vc_single_image image=\u00bb4099&#8243; img_size=\u00bbfull\u00bb][\/vc_column][\/vc_row][vc_row][vc_column width=\u00bb5\/6&#8243;][vc_column_text]En esta secci\u00f3n trataremos de explicar en lenguaje cotidiano conceptos b\u00e1sicos que se deben tener en cuenta al momento de elegir alimentos, en que forma combinarlos y en qu\u00e9 cantidades.<\/p>\n<p>Abordando diversos temas relacionados con la alimentaci\u00f3n, as\u00ed como recetas y tips para mejorar nuestros h\u00e1bitos alimenticios.[\/vc_column_text][\/vc_column][vc_column width=\u00bb1\/6&#8243;][\/vc_column][\/vc_row]<\/p>\n","protected":false},"excerpt":{"rendered":"<p>[vc_row][vc_column width=\u00bb1\/2&#8243;][vc_column_text]La Nutrici\u00f3n junto con los h\u00e1bitos de vida saludables es la calve para gozar de buena salud y bienestar. La Nutrici\u00f3n es muy importante en el mantenimiento y mejora de la salud y la calidad de vida de las personas. Muchas enfermedades y sus s\u00edntomas pueden ser prevenidos y\/ o aliviados con una nutrici\u00f3n<\/p>\n","protected":false},"author":1,"featured_media":0,"parent":0,"menu_order":0,"comment_status":"closed","ping_status":"closed","template":"","meta":{"footnotes":""},"class_list":["post-4285","page","type-page","status-publish","hentry"],"_links":{"self":[{"href":"https:\/\/plus.com.uy\/index.php?rest_route=\/wp\/v2\/pages\/4285","targetHints":{"allow":["GET"]}}],"collection":[{"href":"https:\/\/plus.com.uy\/index.php?rest_route=\/wp\/v2\/pages"}],"about":[{"href":"https:\/\/plus.com.uy\/index.php?rest_route=\/wp\/v2\/types\/page"}],"author":[{"embeddable":true,"href":"https:\/\/plus.com.uy\/index.php?rest_route=\/wp\/v2\/users\/1"}],"replies":[{"embeddable":true,"href":"https:\/\/plus.com.uy\/index.php?rest_route=%2Fwp%2Fv2%2Fcomments&post=4285"}],"version-history":[{"count":0,"href":"https:\/\/plus.com.uy\/index.php?rest_route=\/wp\/v2\/pages\/4285\/revisions"}],"wp:attachment":[{"href":"https:\/\/plus.com.uy\/index.php?rest_route=%2Fwp%2Fv2%2Fmedia&parent=4285"}],"curies":[{"name":"wp","href":"https:\/\/api.w.org\/{rel}","templated":true}]}}