{"id":4432,"date":"2017-09-28T16:12:19","date_gmt":"2017-09-28T16:12:19","guid":{"rendered":"http:\/\/plus.mjgrafica.com\/?page_id=4432"},"modified":"2018-07-03T20:32:40","modified_gmt":"2018-07-03T20:32:40","slug":"plus-vital","status":"publish","type":"page","link":"https:\/\/plus.com.uy\/?page_id=4432","title":{"rendered":"Plus Vital"},"content":{"rendered":"<p>[vc_row][vc_column][vc_empty_space][\/vc_column][\/vc_row][vc_row][vc_column][vc_single_image image=\u00bb4653&#8243; img_size=\u00bbfull\u00bb alignment=\u00bbcenter\u00bb][\/vc_column][\/vc_row][vc_row][vc_column][vc_empty_space][\/vc_column][\/vc_row][vc_row type=\u00bbfull-width\u00bb][vc_column][rev_slider_vc alias=\u00bbplusvital\u00bb mc_navigation=\u00bb0&#8243;][\/vc_column][\/vc_row][vc_row top_margin=\u00bbpage-margin-top\u00bb el_position=\u00bblast\u00bb][vc_column width=\u00bb2\/3&#8243;]<h3 class=\"box-header animation-slide\">Qui\u00e9nes Somos<\/h3>[vc_column_text]<\/p>\n<div class=\"wpb_text_column wpb_content_element \">\n<div class=\"wpb_wrapper\">\n<p>Somos un<strong>\u00a0Centro de Calidad de Vida<\/strong>\u00a0especializado en el control de factores de riesgo. Nuestra principal herramienta consiste en la incorporaci\u00f3n de Ejercicio F\u00edsico controlado y la introducci\u00f3n de cambios en h\u00e1bitos nutricionales y estilo de vida entre los usuarios, logrando un modo de vida saludable.<\/p>\n<p>Contamos con todo lo necesario para hacer de nuestro centro un instrumento eficiente para mejorar la salud de las personas, optimizar los tratamientos de enfermedades, mejorar su calidad de vida, aumentar la autoestima y minimizar riesgos derivados de la pr\u00e1ctica del ejercicio f\u00edsico.<\/p>\n<p>El servicio esta dirigido a personas que cursen con alguna ENT (enfermedad no transmisible) o presenten alg\u00fan factor de riesgo y requieran un cambio de estilo de vida mediante la incorporaci\u00f3n del ejercicio f\u00edsico, tratamiento nutricional y psicol\u00f3gico como parte integral de su tratamiento m\u00e9dico.<\/p>\n<\/div>\n<\/div>\n<p>[\/vc_column_text][vc_empty_space]<h3 class=\"box-header\">Metodolog\u00eda<\/h3>[vc_column_text]Brindamos un servicio interdisciplinario al m\u00e1s alto nivel de especializaci\u00f3n en Ejercicio F\u00edsico y Salud.<\/p>\n<p>Es nuestro trabajo el asesoramiento, la prescripci\u00f3n y la promoci\u00f3n de comportamientos y estilos de vida saludables. (El programa de ejercicio f\u00edsico como el tratamiento nutricional es personalizado, adaptado a las condiciones individuales: edad, sexo, situaci\u00f3n fisiol\u00f3gica o grado de afecci\u00f3n patol\u00f3gica, etc). Siendo nuestro principal objetivo la mejora de la salud y la calidad de vida de todas las personas que forman parte de nuestros programas.<\/p>\n<p>Para ello contamos con todo lo que nuestros clientes necesitan para hacer de la actividad f\u00edsica, nutricional y psicol\u00f3gica, su mejor instrumento de salud y bienestar.<\/p>\n<p><strong>Nuestro equipo profesional est\u00e1 integrado por:<\/strong><\/p>\n<p style=\"padding-left: 30px;\"><strong>M\u00e9dico Especialista en Medicina del Deporte<\/strong><\/p>\n<p style=\"padding-left: 30px;\"><strong>Nutricionista<\/strong><\/p>\n<p style=\"padding-left: 30px;\"><strong>Profesores de Educaci\u00f3n F\u00edsica<\/strong><\/p>\n<p style=\"padding-left: 30px;\"><strong>Psic\u00f3logos<\/strong><\/p>\n<p>Durante todo el proceso se realizar\u00e1n evaluaciones para ver el logro de los objetivos propuestos y hacer los ajustes necesarios.[\/vc_column_text][\/vc_column][vc_column width=\u00bb1\/3&#8243;][vc_empty_space][vc_single_image image=\u00bb4653&#8243; img_size=\u00bblarge\u00bb alignment=\u00bbcenter\u00bb][vc_widget_sidebar sidebar_id=\u00bbsidebar-home-right-plus-vital\u00bb el_position=\u00bbfirst last\u00bb][vc_empty_space]<h3 class=\"box-header\">Crecemos pensando en tu salud<\/h3>[vc_column_text]Nos especializamos en \u00a0la atenci\u00f3n integral de:<\/p>\n<p><strong>Hipertensi\u00f3n \u2013 Diabetes \u2013 Dislipemias \u2013 Enfermedades Card\u00edacas \u00a0y Respiratorias \u2013 Sobrepeso y Obesidad \u2013 Problemas Reumatol\u00f3gicos<\/strong><\/p>\n<p>[\/vc_column_text][vc_empty_space height=\u00bb60px\u00bb][\/vc_column][\/vc_row][vc_row][vc_column][vc_empty_space height=\u00bb40px\u00bb][vc_single_image image=\u00bb4670&#8243; img_size=\u00bblarge\u00bb alignment=\u00bbcenter\u00bb][\/vc_column][\/vc_row]<\/p>\n","protected":false},"excerpt":{"rendered":"<p>[vc_row][vc_column][vc_empty_space][\/vc_column][\/vc_row][vc_row][vc_column][vc_single_image image=\u00bb4653&#8243; img_size=\u00bbfull\u00bb alignment=\u00bbcenter\u00bb][\/vc_column][\/vc_row][vc_row][vc_column][vc_empty_space][\/vc_column][\/vc_row][vc_row type=\u00bbfull-width\u00bb][vc_column][rev_slider_vc alias=\u00bbplusvital\u00bb mc_navigation=\u00bb0&#8243;][\/vc_column][\/vc_row][vc_row top_margin=\u00bbpage-margin-top\u00bb el_position=\u00bblast\u00bb][vc_column width=\u00bb2\/3&#8243;][vc_column_text] Somos un\u00a0Centro de Calidad de Vida\u00a0especializado en el control de factores de riesgo. Nuestra principal herramienta consiste en la incorporaci\u00f3n de Ejercicio F\u00edsico controlado y la introducci\u00f3n de cambios en h\u00e1bitos nutricionales y estilo de vida entre los usuarios, logrando un modo de vida saludable.<\/p>\n","protected":false},"author":1,"featured_media":0,"parent":0,"menu_order":0,"comment_status":"closed","ping_status":"closed","template":"template-blog.php","meta":{"footnotes":""},"class_list":["post-4432","page","type-page","status-publish","hentry"],"_links":{"self":[{"href":"https:\/\/plus.com.uy\/index.php?rest_route=\/wp\/v2\/pages\/4432","targetHints":{"allow":["GET"]}}],"collection":[{"href":"https:\/\/plus.com.uy\/index.php?rest_route=\/wp\/v2\/pages"}],"about":[{"href":"https:\/\/plus.com.uy\/index.php?rest_route=\/wp\/v2\/types\/page"}],"author":[{"embeddable":true,"href":"https:\/\/plus.com.uy\/index.php?rest_route=\/wp\/v2\/users\/1"}],"replies":[{"embeddable":true,"href":"https:\/\/plus.com.uy\/index.php?rest_route=%2Fwp%2Fv2%2Fcomments&post=4432"}],"version-history":[{"count":0,"href":"https:\/\/plus.com.uy\/index.php?rest_route=\/wp\/v2\/pages\/4432\/revisions"}],"wp:attachment":[{"href":"https:\/\/plus.com.uy\/index.php?rest_route=%2Fwp%2Fv2%2Fmedia&parent=4432"}],"curies":[{"name":"wp","href":"https:\/\/api.w.org\/{rel}","templated":true}]}}