{"id":455,"date":"2013-03-18T08:39:15","date_gmt":"2013-03-18T08:39:15","guid":{"rendered":"http:\/\/localhost\/wordpress\/medicenter\/?page_id=455"},"modified":"2017-10-31T04:27:14","modified_gmt":"2017-10-31T04:27:14","slug":"home-style-5","status":"publish","type":"page","link":"https:\/\/plus.com.uy\/?page_id=455","title":{"rendered":"Inicio"},"content":{"rendered":"<p>[vc_row type=\u00bbfull-width\u00bb][vc_column][rev_slider_vc alias=\u00bbhome\u00bb][\/vc_column][\/vc_row][vc_row][vc_column][vc_widget_sidebar sidebar_id=\u00bbsidebar-home-top\u00bb el_class=\u00bbhome-box-container-list for-home-slider\u00bb][\/vc_column][\/vc_row][vc_row top_margin=\u00bbpage-margin-top\u00bb el_position=\u00bbfirst\u00bb][vc_column]<ul class=\"mc-gallery gallery-4-columns dm_simple\"><li class=\"gallery-box gallery-box-1 hover-icons-off\" id=\"gallery-item-compania-en-domicilio-especial\"><span class=\"mc-preloader\"><\/span><img fetchpriority=\"high\" decoding=\"async\" width=\"285\" height=\"190\" src=\"https:\/\/plus.com.uy\/wp-content\/uploads\/2017\/09\/compan\u0303iaDomicilioEspecial-285x190.jpg\" class=\"mc-preload wp-post-image\" alt=\"Compa\u00f1\u00eda en domicilio especial\" title=\"\" srcset=\"https:\/\/plus.com.uy\/wp-content\/uploads\/2017\/09\/compan\u0303iaDomicilioEspecial-285x190.jpg 285w, https:\/\/plus.com.uy\/wp-content\/uploads\/2017\/09\/compan\u0303iaDomicilioEspecial-300x200.jpg 300w, https:\/\/plus.com.uy\/wp-content\/uploads\/2017\/09\/compan\u0303iaDomicilioEspecial-390x260.jpg 390w, https:\/\/plus.com.uy\/wp-content\/uploads\/2017\/09\/compan\u0303iaDomicilioEspecial.jpg 507w\" sizes=\"(max-width: 285px) 100vw, 285px\" loading=\"eager\" \/>\n\t\t\t\t\t\t<div class=\"description\">\n\t\t\t\t\t\t\t<h4>Compa\u00f1\u00eda en domicilio especial<\/h4>\n\t\t\t\t\t\t\t<h5><\/h5>\n\t\t\t\t\t\t<\/div>\n\t\t\t\t\t\t<ul class=\"controls\"><li><a href=\"http:\/\/plus.com.uy\/?page_id=2751\" class=\"template-plus-2 fancybox-url open-url-lightbox\" rel=\"mcgallery\"><\/a>\n\t\t\t\t\t<\/li><\/ul><\/li><li class=\"gallery-box gallery-box-2 hover-icons-off\" id=\"gallery-item-home\"><span class=\"mc-preloader\"><\/span><img decoding=\"async\" width=\"285\" height=\"190\" src=\"https:\/\/plus.com.uy\/wp-content\/uploads\/2017\/09\/companiaInternacion-2-285x190.jpg\" class=\"mc-preload wp-post-image\" alt=\"Compa\u00f1\u00eda en internaci\u00f3n\" title=\"\" srcset=\"https:\/\/plus.com.uy\/wp-content\/uploads\/2017\/09\/companiaInternacion-2-285x190.jpg 285w, https:\/\/plus.com.uy\/wp-content\/uploads\/2017\/09\/companiaInternacion-2-300x200.jpg 300w, https:\/\/plus.com.uy\/wp-content\/uploads\/2017\/09\/companiaInternacion-2-390x260.jpg 390w, https:\/\/plus.com.uy\/wp-content\/uploads\/2017\/09\/companiaInternacion-2.jpg 506w\" sizes=\"(max-width: 285px) 100vw, 285px\" loading=\"eager\" \/>\n\t\t\t\t\t\t<div class=\"description\">\n\t\t\t\t\t\t\t<h4>Compa\u00f1\u00eda en internaci\u00f3n<\/h4>\n\t\t\t\t\t\t\t<h5><\/h5>\n\t\t\t\t\t\t<\/div>\n\t\t\t\t\t\t<ul class=\"controls\"><li><a href=\"http:\/\/plus.com.uy\/?page_id=2751\" class=\"template-plus-2 fancybox-url open-url-lightbox\" rel=\"mcgallery\"><\/a>\n\t\t\t\t\t<\/li><\/ul><\/li><li class=\"gallery-box gallery-box-3 hover-icons-off\" id=\"gallery-item-convalecencia\"><span class=\"mc-preloader\"><\/span><img decoding=\"async\" width=\"285\" height=\"190\" src=\"https:\/\/plus.com.uy\/wp-content\/uploads\/2017\/09\/convalecencia-285x190.jpg\" class=\"mc-preload wp-post-image\" alt=\"Convalecencia\" title=\"\" srcset=\"https:\/\/plus.com.uy\/wp-content\/uploads\/2017\/09\/convalecencia-285x190.jpg 285w, https:\/\/plus.com.uy\/wp-content\/uploads\/2017\/09\/convalecencia-670x446.jpg 670w, https:\/\/plus.com.uy\/wp-content\/uploads\/2017\/09\/convalecencia-600x400.jpg 600w, https:\/\/plus.com.uy\/wp-content\/uploads\/2017\/09\/convalecencia-390x260.jpg 390w\" sizes=\"(max-width: 285px) 100vw, 285px\" loading=\"eager\" \/>\n\t\t\t\t\t\t<div class=\"description\">\n\t\t\t\t\t\t\t<h4>Convalecencia<\/h4>\n\t\t\t\t\t\t\t<h5><\/h5>\n\t\t\t\t\t\t<\/div>\n\t\t\t\t\t\t<ul class=\"controls\"><li><a href=\"http:\/\/plus.com.uy\/?page_id=2751\" class=\"template-plus-2 fancybox-url open-url-lightbox\" rel=\"mcgallery\"><\/a>\n\t\t\t\t\t<\/li><\/ul><\/li><li class=\"gallery-box gallery-box-4 hover-icons-off\" id=\"gallery-item-internacion-domiciliaria\"><span class=\"mc-preloader\"><\/span><img decoding=\"async\" width=\"285\" height=\"190\" src=\"https:\/\/plus.com.uy\/wp-content\/uploads\/2017\/09\/internacio\u0301nDomiciliaria-285x190.jpg\" class=\"mc-preload wp-post-image\" alt=\"Internaci\u00f3n domiciliaria\" title=\"\" srcset=\"https:\/\/plus.com.uy\/wp-content\/uploads\/2017\/09\/internacio\u0301nDomiciliaria-285x190.jpg 285w, https:\/\/plus.com.uy\/wp-content\/uploads\/2017\/09\/internacio\u0301nDomiciliaria-300x200.jpg 300w, https:\/\/plus.com.uy\/wp-content\/uploads\/2017\/09\/internacio\u0301nDomiciliaria-390x260.jpg 390w, https:\/\/plus.com.uy\/wp-content\/uploads\/2017\/09\/internacio\u0301nDomiciliaria.jpg 600w\" sizes=\"(max-width: 285px) 100vw, 285px\" loading=\"eager\" \/>\n\t\t\t\t\t\t<div class=\"description\">\n\t\t\t\t\t\t\t<h4>Internaci\u00f3n domiciliaria<\/h4>\n\t\t\t\t\t\t\t<h5><\/h5>\n\t\t\t\t\t\t<\/div>\n\t\t\t\t\t\t<ul class=\"controls\"><li><a href=\"http:\/\/plus.com.uy\/?page_id=2751\" class=\"template-plus-2 fancybox-url open-url-lightbox\" rel=\"mcgallery\"><\/a>\n\t\t\t\t\t<\/li><\/ul><\/li><li class=\"gallery-box gallery-box-5 hover-icons-off\" id=\"gallery-item-plus-enfermeria\"><span class=\"mc-preloader\"><\/span><img decoding=\"async\" width=\"285\" height=\"190\" src=\"https:\/\/plus.com.uy\/wp-content\/uploads\/2017\/09\/enfermeria-285x190.jpg\" class=\"mc-preload wp-post-image\" alt=\"Plus enfermer\u00eda\" title=\"\" srcset=\"https:\/\/plus.com.uy\/wp-content\/uploads\/2017\/09\/enfermeria-285x190.jpg 285w, https:\/\/plus.com.uy\/wp-content\/uploads\/2017\/09\/enfermeria-600x400.jpg 600w, https:\/\/plus.com.uy\/wp-content\/uploads\/2017\/09\/enfermeria-390x260.jpg 390w\" sizes=\"(max-width: 285px) 100vw, 285px\" loading=\"eager\" \/>\n\t\t\t\t\t\t<div class=\"description\">\n\t\t\t\t\t\t\t<h4>Plus enfermer\u00eda<\/h4>\n\t\t\t\t\t\t\t<h5><\/h5>\n\t\t\t\t\t\t<\/div>\n\t\t\t\t\t\t<ul class=\"controls\"><li><a href=\"http:\/\/plus.com.uy\/?page_id=4467\" class=\"template-plus-2 fancybox-url open-url-lightbox\" rel=\"mcgallery\"><\/a>\n\t\t\t\t\t<\/li><\/ul><\/li><li class=\"gallery-box gallery-box-6 hover-icons-off\" id=\"gallery-item-plus-odontologico\"><span class=\"mc-preloader\"><\/span><img decoding=\"async\" width=\"285\" height=\"190\" src=\"https:\/\/plus.com.uy\/wp-content\/uploads\/2017\/09\/plusOdontolo\u0301gico--285x190.jpg\" class=\"mc-preload wp-post-image\" alt=\"Plus odontol\u00f3gico\" title=\"\" srcset=\"https:\/\/plus.com.uy\/wp-content\/uploads\/2017\/09\/plusOdontolo\u0301gico--285x190.jpg 285w, https:\/\/plus.com.uy\/wp-content\/uploads\/2017\/09\/plusOdontolo\u0301gico--390x260.jpg 390w\" sizes=\"(max-width: 285px) 100vw, 285px\" loading=\"eager\" \/>\n\t\t\t\t\t\t<div class=\"description\">\n\t\t\t\t\t\t\t<h4>Plus odontol\u00f3gico<\/h4>\n\t\t\t\t\t\t\t<h5><\/h5>\n\t\t\t\t\t\t<\/div>\n\t\t\t\t\t\t<ul class=\"controls\"><li><a href=\"http:\/\/plus.com.uy\/?page_id=4459\" class=\"template-plus-2 fancybox-url open-url-lightbox\" rel=\"mcgallery\"><\/a>\n\t\t\t\t\t<\/li><\/ul><\/li><li class=\"gallery-box gallery-box-7 hover-icons-off\" id=\"gallery-item-plus-traslados\"><span class=\"mc-preloader\"><\/span><img decoding=\"async\" width=\"285\" height=\"190\" src=\"https:\/\/plus.com.uy\/wp-content\/uploads\/2017\/09\/San-Diego-Senior-Care-Transportation-2-285x190.jpg\" class=\"mc-preload wp-post-image\" alt=\"Plus traslados\" title=\"\" srcset=\"https:\/\/plus.com.uy\/wp-content\/uploads\/2017\/09\/San-Diego-Senior-Care-Transportation-2-285x190.jpg 285w, https:\/\/plus.com.uy\/wp-content\/uploads\/2017\/09\/San-Diego-Senior-Care-Transportation-2-390x260.jpg 390w\" sizes=\"(max-width: 285px) 100vw, 285px\" loading=\"eager\" \/>\n\t\t\t\t\t\t<div class=\"description\">\n\t\t\t\t\t\t\t<h4>Plus traslados<\/h4>\n\t\t\t\t\t\t\t<h5><\/h5>\n\t\t\t\t\t\t<\/div>\n\t\t\t\t\t\t<ul class=\"controls\"><li><a href=\"http:\/\/plus.com.uy\/?page_id=4463\" class=\"template-plus-2 fancybox-url open-url-lightbox\" rel=\"mcgallery\"><\/a>\n\t\t\t\t\t<\/li><\/ul><\/li><li class=\"gallery-box gallery-box-8 hover-icons-off\" id=\"gallery-item-plus-vital\"><span class=\"mc-preloader\"><\/span><img decoding=\"async\" width=\"285\" height=\"190\" src=\"https:\/\/plus.com.uy\/wp-content\/uploads\/2017\/09\/vital-1-285x190.jpg\" class=\"mc-preload wp-post-image\" alt=\"Vital\" title=\"\" srcset=\"https:\/\/plus.com.uy\/wp-content\/uploads\/2017\/09\/vital-1-285x190.jpg 285w, https:\/\/plus.com.uy\/wp-content\/uploads\/2017\/09\/vital-1-300x200.jpg 300w, https:\/\/plus.com.uy\/wp-content\/uploads\/2017\/09\/vital-1-390x260.jpg 390w, https:\/\/plus.com.uy\/wp-content\/uploads\/2017\/09\/vital-1.jpg 450w\" sizes=\"(max-width: 285px) 100vw, 285px\" loading=\"eager\" \/>\n\t\t\t\t\t\t<div class=\"description\">\n\t\t\t\t\t\t\t<h4>Vital<\/h4>\n\t\t\t\t\t\t\t<h5><\/h5>\n\t\t\t\t\t\t<\/div>\n\t\t\t\t\t\t<ul class=\"controls\"><li><a href=\"https:\/\/www.vital.com.uy\" class=\"template-plus-2 fancybox-url open-url-lightbox\" rel=\"mcgallery\"><\/a>\n\t\t\t\t\t<\/li><\/ul><\/li><\/ul>[\/vc_column][\/vc_row][vc_row top_margin=\u00bbpage-margin-top\u00bb el_position=\u00bblast\u00bb][vc_column width=\u00bb2\/3&#8243;]<h3 class=\"box-header animation-slide\">De Nuestro Blog<\/h3><div class=\"columns clearfix layout-column\"><ul class=\"blog vc_col-sm-6 wpb_column vc_column_container\"><li class=\" post post-52 type-post status-publish format-standard has-post-thumbnail hentry category-general\"><ul class=\"comment-box clearfix\"><li class=\"date animated-element animation-slideDown\">\n\t\t\t\t\t\t\t\t<div class=\"value\">AGOSTO 10, 2016<\/div>\n\t\t\t\t\t\t\t\t<div class=\"arrow-date\"><\/div>\n\t\t\t\t\t\t\t<\/li><li class=\"comments-number animated-element animation-slideLeft duration-300 delay-500\">\t\t\t<a href=\"https:\/\/plus.com.uy\/?p=52#respond\" title=\"0 COMMENTS\">0<\/a>\n\t\t\t\t\t\t\t<\/li><\/ul><div class=\"post-content\"><div class=\"gallery-box hover-icons-off\">\n\t\t\t\t\t\t\t\t<ul class=\"image-carousel\"><li><span class=\"mc-preloader\"><\/span>\n\t\t\t\t\t\t\t\t\t<img decoding=\"async\" width=\"600\" height=\"400\" src=\"https:\/\/plus.com.uy\/wp-content\/uploads\/2016\/08\/Senior_Couple_malefemale_HH-600x400.jpg\" class=\"attachment-medicenter-gallery-image size-medicenter-gallery-image wp-post-image\" alt=\"Viajar y Pasear tambi\u00e9n es calidad de vida\" title=\"\" srcset=\"https:\/\/plus.com.uy\/wp-content\/uploads\/2016\/08\/Senior_Couple_malefemale_HH-600x400.jpg 600w, https:\/\/plus.com.uy\/wp-content\/uploads\/2016\/08\/Senior_Couple_malefemale_HH-300x199.jpg 300w, https:\/\/plus.com.uy\/wp-content\/uploads\/2016\/08\/Senior_Couple_malefemale_HH-390x260.jpg 390w, https:\/\/plus.com.uy\/wp-content\/uploads\/2016\/08\/Senior_Couple_malefemale_HH-285x190.jpg 285w\" sizes=\"(max-width: 600px) 100vw, 600px\" loading=\"eager\" \/>\n\t\t\t\t\t\t\t\t\t\t<ul class=\"controls\">\n\t\t\t\t\t\t\t\t\t\t\t<li>\n\t\t\t\t\t\t\t\t\t\t\t\t<a href=\"https:\/\/plus.com.uy\/wp-content\/uploads\/2016\/08\/Senior_Couple_malefemale_HH.jpg\" title=\"\" class=\"fancybox template-plus-2 open-lightbox\" rel=\"featured-post\"><\/a>\n\t\t\t\t\t\t\t\t\t\t\t<\/li>\n\t\t\t\t\t\t\t\t\t\t<\/ul>\n\t\t\t\t\t\t\t\t\t<\/li><li><img decoding=\"async\" width=\"525\" height=\"300\" src=\"https:\/\/plus.com.uy\/wp-content\/uploads\/2016\/08\/Sixty-and-Me_Helping-an-Elderly-Parent-Settle-Into-a-Senior-Care-Facility-525x300.jpg\" class=\"attachment-medicenter-gallery-image size-medicenter-gallery-image\" alt=\"\" srcset=\"https:\/\/plus.com.uy\/wp-content\/uploads\/2016\/08\/Sixty-and-Me_Helping-an-Elderly-Parent-Settle-Into-a-Senior-Care-Facility-525x300.jpg 525w, https:\/\/plus.com.uy\/wp-content\/uploads\/2016\/08\/Sixty-and-Me_Helping-an-Elderly-Parent-Settle-Into-a-Senior-Care-Facility-525x300-300x171.jpg 300w\" sizes=\"(max-width: 525px) 100vw, 525px\" loading=\"eager\" \/>\n\t\t\t\t\t\t\t\t\t\t<ul class=\"controls\">\n\t\t\t\t\t\t\t\t\t\t\t<li>\n\t\t\t\t\t\t\t\t\t\t\t\t<a href=\"http:\/\/plus.mjgrafica.com\/wp-content\/uploads\/2016\/08\/Sixty-and-Me_Helping-an-Elderly-Parent-Settle-Into-a-Senior-Care-Facility-525x300.jpg\" title=\"\" class=\"template-plus-2 fancybox open-lightbox\" rel=\"featured-post\"><\/a>\n\t\t\t\t\t\t\t\t\t\t\t<\/li>\n\t\t\t\t\t\t\t\t\t\t<\/ul>\n\t\t\t\t\t\t\t\t\t<\/li><li><img decoding=\"async\" width=\"600\" height=\"400\" src=\"https:\/\/plus.com.uy\/wp-content\/uploads\/2016\/08\/4-600x400.jpg\" class=\"attachment-medicenter-gallery-image size-medicenter-gallery-image\" alt=\"\" srcset=\"https:\/\/plus.com.uy\/wp-content\/uploads\/2016\/08\/4-600x400.jpg 600w, https:\/\/plus.com.uy\/wp-content\/uploads\/2016\/08\/4-670x446.jpg 670w, https:\/\/plus.com.uy\/wp-content\/uploads\/2016\/08\/4-390x260.jpg 390w, https:\/\/plus.com.uy\/wp-content\/uploads\/2016\/08\/4-285x190.jpg 285w\" sizes=\"(max-width: 600px) 100vw, 600px\" loading=\"eager\" \/>\n\t\t\t\t\t\t\t\t\t\t<ul class=\"controls\">\n\t\t\t\t\t\t\t\t\t\t\t<li>\n\t\t\t\t\t\t\t\t\t\t\t\t<a href=\"http:\/\/plus.mjgrafica.com\/wp-content\/uploads\/2016\/08\/4.jpg\" title=\"\" class=\"template-plus-2 fancybox open-lightbox\" rel=\"featured-post\"><\/a>\n\t\t\t\t\t\t\t\t\t\t\t<\/li>\n\t\t\t\t\t\t\t\t\t\t<\/ul>\n\t\t\t\t\t\t\t\t\t<\/li><\/ul>\n\t\t\t\t\t\t\t<\/div><h2 class=\"post-title\"><a href=\"https:\/\/plus.com.uy\/?p=52\" title=\"Viajar y Pasear tambi\u00e9n es calidad de vida\">Viajar y Pasear tambi\u00e9n es calidad de vida<\/a><\/h2><p>Queremos que disfrutes\u00a0 junto a nuestra gran familia de un ciclo de paseos guiados que ser\u00e1n toda una aventura. Centros comerciales, museos y teatros, lugares cl\u00e1sicos e inolvidables. Paquetes completos&#8230;<\/p>\n<a title=\"Read more\" href=\"https:\/\/plus.com.uy\/?p=52\" class=\"more template-arrow-horizontal-1-after\">Read more<\/a>\t\t<div class=\"post-footer clearfix\">\n\t\t\t\t\t\t\t\t<ul class=\"post-footer-details\"><li class=\"post-footer-author\">\n\t\t\t\t\t\t\t\t\t\tadmin\n\t\t\t\t\t\t\t\t\t<\/li><li class=\"post-footer-category\">\n\t\t\t\t\t\t\t\t\t\t\t<a href=\"https:\/\/plus.com.uy\/?cat=4\" title=\"View all posts filed under General\">General<\/a>\n\t\t\t\t\t\t\t\t\t\t<\/li><\/ul><\/div><\/div><\/li><\/ul><ul class=\"blog vc_col-sm-6 wpb_column vc_column_container\"><li class=\" post post-1393 type-post status-publish format-standard has-post-thumbnail hentry category-general\"><ul class=\"comment-box clearfix\"><li class=\"date animated-element animation-slideDown\">\n\t\t\t\t\t\t\t\t<div class=\"value\">FEBRERO 12, 2017<\/div>\n\t\t\t\t\t\t\t\t<div class=\"arrow-date\"><\/div>\n\t\t\t\t\t\t\t<\/li><li class=\"comments-number animated-element animation-slideLeft duration-300 delay-500\">\t\t\t<a href=\"https:\/\/plus.com.uy\/?p=1393#respond\" title=\"0 COMMENTS\">0<\/a>\n\t\t\t\t\t\t\t<\/li><\/ul><div class=\"post-content\"><a class=\"post-image\" href=\"https:\/\/plus.com.uy\/?p=1393\" title=\"\u00a1En este momento todo un pa\u00eds te esta cuidando!\"><span class=\"mc-preloader\"><\/span><img decoding=\"async\" width=\"600\" height=\"400\" src=\"https:\/\/plus.com.uy\/wp-content\/uploads\/2018\/07\/unidosmini-600x400.jpg\" class=\"attachment-medicenter-gallery-image size-medicenter-gallery-image wp-post-image\" alt=\"\u00a1En este momento todo un pa\u00eds te esta cuidando!\" title=\"\" srcset=\"https:\/\/plus.com.uy\/wp-content\/uploads\/2018\/07\/unidosmini-600x400.jpg 600w, https:\/\/plus.com.uy\/wp-content\/uploads\/2018\/07\/unidosmini-300x200.jpg 300w, https:\/\/plus.com.uy\/wp-content\/uploads\/2018\/07\/unidosmini-768x511.jpg 768w, https:\/\/plus.com.uy\/wp-content\/uploads\/2018\/07\/unidosmini-670x446.jpg 670w, https:\/\/plus.com.uy\/wp-content\/uploads\/2018\/07\/unidosmini-390x260.jpg 390w, https:\/\/plus.com.uy\/wp-content\/uploads\/2018\/07\/unidosmini-285x190.jpg 285w, https:\/\/plus.com.uy\/wp-content\/uploads\/2018\/07\/unidosmini.jpg 849w\" sizes=\"(max-width: 600px) 100vw, 600px\" loading=\"eager\" \/><\/a><h2 class=\"post-title\"><a href=\"https:\/\/plus.com.uy\/?p=1393\" title=\"\u00a1En este momento todo un pa\u00eds te esta cuidando!\">\u00a1En este momento todo un pa\u00eds te esta cuidando!<\/a><\/h2><p>Porque un grupo de organizaciones locales, con una estructura adaptada a cada localidad y un grupo humano profesional, te brinda atenci\u00f3n personalizada en todo el pa\u00eds mas all\u00e1 de los limites departamentales.<\/p>\n<a title=\"Read more\" href=\"https:\/\/plus.com.uy\/?p=1393\" class=\"more template-arrow-horizontal-1-after\">Read more<\/a>\t\t<div class=\"post-footer clearfix\">\n\t\t\t\t\t\t\t\t<ul class=\"post-footer-details\"><li class=\"post-footer-author\">\n\t\t\t\t\t\t\t\t\t\tadmin\n\t\t\t\t\t\t\t\t\t<\/li><li class=\"post-footer-category\">\n\t\t\t\t\t\t\t\t\t\t\t<a href=\"https:\/\/plus.com.uy\/?cat=4\" title=\"View all posts filed under General\">General<\/a>\n\t\t\t\t\t\t\t\t\t\t<\/li><\/ul><\/div><\/div><\/li><\/ul><\/div><div class=\"show-all clearfix\"><a class=\"template-arrow-horizontal-1-after\" href=\"http:\/\/quanticalabs.com\/wp_themes\/medicenter\/blog\/\" title=\"Ver anteriores\">Ver anteriores<\/a><\/div>[\/vc_column][vc_column width=\u00bb1\/3&#8243;][vc_widget_sidebar sidebar_id=\u00bbsidebar-home-right-style-2&#8243; el_position=\u00bbfirst last\u00bb][\/vc_column][\/vc_row]<\/p>\n","protected":false},"excerpt":{"rendered":"<p>[vc_row type=\u00bbfull-width\u00bb][vc_column][rev_slider_vc alias=\u00bbhome\u00bb][\/vc_column][\/vc_row][vc_row][vc_column][vc_widget_sidebar sidebar_id=\u00bbsidebar-home-top\u00bb el_class=\u00bbhome-box-container-list for-home-slider\u00bb][\/vc_column][\/vc_row][vc_row top_margin=\u00bbpage-margin-top\u00bb el_position=\u00bbfirst\u00bb][vc_column][\/vc_column][\/vc_row][vc_row top_margin=\u00bbpage-margin-top\u00bb el_position=\u00bblast\u00bb][vc_column width=\u00bb2\/3&#8243;][\/vc_column][vc_column width=\u00bb1\/3&#8243;][vc_widget_sidebar sidebar_id=\u00bbsidebar-home-right-style-2&#8243; el_position=\u00bbfirst last\u00bb][\/vc_column][\/vc_row]<\/p>\n","protected":false},"author":1,"featured_media":0,"parent":0,"menu_order":0,"comment_status":"open","ping_status":"closed","template":"template-default-without-breadcrumbs.php","meta":{"footnotes":""},"class_list":["post-455","page","type-page","status-publish","hentry"],"_links":{"self":[{"href":"https:\/\/plus.com.uy\/index.php?rest_route=\/wp\/v2\/pages\/455","targetHints":{"allow":["GET"]}}],"collection":[{"href":"https:\/\/plus.com.uy\/index.php?rest_route=\/wp\/v2\/pages"}],"about":[{"href":"https:\/\/plus.com.uy\/index.php?rest_route=\/wp\/v2\/types\/page"}],"author":[{"embeddable":true,"href":"https:\/\/plus.com.uy\/index.php?rest_route=\/wp\/v2\/users\/1"}],"replies":[{"embeddable":true,"href":"https:\/\/plus.com.uy\/index.php?rest_route=%2Fwp%2Fv2%2Fcomments&post=455"}],"version-history":[{"count":0,"href":"https:\/\/plus.com.uy\/index.php?rest_route=\/wp\/v2\/pages\/455\/revisions"}],"wp:attachment":[{"href":"https:\/\/plus.com.uy\/index.php?rest_route=%2Fwp%2Fv2%2Fmedia&parent=455"}],"curies":[{"name":"wp","href":"https:\/\/api.w.org\/{rel}","templated":true}]}}